13) to base 6.
5
What is 1 (base 14) in base 8?
1
What is -40 (base 8) in base 10?
-32
What is 16 (base 7) in base 6?
21
What is -14 (base 5) in base 13?
-9
What is 2 (base 3) in base 16?
2
What is 8 (base 16) in base 4?
20
Convert -20 (base 7) to base 4.
-32
-a (base 16) to base 9
-11
7 (base 9) to base 14
7
1c (base 16) to base 10
28
What is 1 (base 2) in base 13?
1
What is 31 (base 9) in base 5?
103
What is 3 (base 14) in base 6?
3
Convert -5 (base 12) to base 15.
-5
-76 (base 8) to base 11
-57
-53 (base 16) to base 13
-65
What is 5 (base 15) in base 10?
5
7 (base 16) to base 11
7
Convert -51 (base 10) to base 11.
-47
What is -1 (base 11) in base 9?
-1
51 (base 8) to base 12
35
2 (base 8) to base 12
2
-2 (base 3) to base 13
-2
-6 (base 13) to base 14
-6
What is -8 (base 15) in base 16?
-8
2 (base 4) to base 5
2
9 (base 16) to base 9
10
-21 (base 12) to base 8
-31
-2 (base 15) to base 14
-2
Convert -11 (base 7) to base 15.
-8
What is 70 (base 9) in base 10?
63
Convert -22 (base 11) to base 9.
-26
Convert -5 (base 15) to base 5.
-10
-10021 (base 3) to base 4
-1120
What is 0 (base 8) in base 9?
0
What is 10001 (base 3) in base 6?
214
Convert 3c (base 14) to base 13.
42
What is -17 (base 13) in base 15?
-15
Convert -38 (base 15) to base 12.
-45
-23 (base 7) to base 13
-14
Convert -25 (base 7) to base 10.
-19
-23 (base 16) to base 14
-27
Convert 1000111 (base 2) to base 12.
5b
Convert -1 (base 9) to base 2.
-1
Convert -228 (base 9) to base 7.
-356
101 (base 4) to base 9
18
What is -18 (base 10) in base 11?
-17
-100 (base 9) to base 4
-1101
Convert -131 (base 4) to base 7.
-41
What is -101 (base 10) in base 6?
-245
What is 3 (base 4) in base 12?
3
5 (base 15) to base 12
5
-4 (base 15) to base 3
-11
What is -d (base 14) in base 6?
-21
-100 (base 2) to base 3
-11
Convert 0 (base 11) to base 16.
0
Convert -74 (base 9) to base 11.
-61
142 (base 12) to base 5
1234
What is 0 (base 13) in base 6?
0
Convert -2 (base 13) to base 4.
-2
What is 1 (base 11) in base 13?
1
Convert -102020 (base 3) to base 9.
-366
What is 4 (base 14) in base 12?
4
5 (base 10) to base 9
5
-c9 (base 14) to base 7
-342
-30 (base 6) to base 5
-33
What is 10 (base 3) in base 7?
3
What is 12 (base 8) in base 5?
20
302 (base 5) to base 8
115
-3 (base 16) to base 3
-10
-3 (base 10) to base 7
-3
Convert -11c (base 15) to base 2.
-11111100
-1144 (base 5) to base 13
-105
23 (base 4) to base 12
b
Convert 5 (base 11) to base 3.
12
2 (base 7) to base 2
10
What is 54 (base 11) in base 5?
214
What is 0 (base 13) in base 11?
0
Convert -101101 (base 2) to base 16.
-2d
Convert -8 (base 14) to base 5.
-13
32 (base 15) to base 3
1202
-1200 (base 3) to base 9
-50
What is -2 (base 13) in base 2?
-10
Convert -222 (base 3) to base 14.
-1c
Convert -1 (base 11) to base 9.
-1
Convert 0 (base 2) to base 15.
0
Convert -a6 (base 13) to base 7.
-253
-a (base 12) to base 5
-20
134 (base 6) to base 8
72
Convert 2 (base 4) to base 15.
2
31 (base 13) to base 12
34
Convert 111 (base 6) to base 9.
47
Convert -91 (base 12) to base 3.
-11001
What is 42 (base 8) in base 9?
37
-1 (base 10) to base 15
-1
1a (base 11) to base 13
18
What is -3 (base 9) in base 14?
-3
15 (base 9) to base 10
14
153 (base 16) to base 10
339
What is 202 (base 3) in base 13?
17
-1 (base 10) to base 2
-1
-17 (base 10) to base 12
-15
Convert 1010011 (base 2) to base 8.
123
0 (base 10) to base 7
0
-f (base 16) to base 7
-21
Convert -3 (base 10) to base 4.
-3
12301 (base 4) to base 11
364
What is 44 (base 5) in base 6?
40
What is -1 (base 5) in base 6?
-1
-29 (base 15) to base 6
-103
Convert 11b (base 16) to base 5.
2113
What is -d (base 14) in base 16?
-d
What is 3 (base 11) in base 6?
3
Convert -10 (base 4) to base 3.
-11
Convert -88 (base 16) to base 2.
-10001000
What is -20 (base 3) in base 5?
-11
Convert 111 (base 6) to base 5.
133
What is -a (base 12) in base 11?
-a
Convert -7 (base 13) to base 4.
-13
What is -28 (base 11) in base 7?
-42
10 (base 10) to base 11
a
Convert -4 (base 8) to base 15.
-4
What is b (base 13) in base 7?
14
-2 (base 8) to base 2
-10
What is -4 (base 8) in base 4?
-10
23 (base 10) to base 16
17
Convert -10 (base 13) to base 10.
-13
Convert 10 (base 13) to base 11.
12
What is -3 (base 15) in base 4?
-3
Convert 2 (base 8) to base 16.
2
Convert -2121 (base 4) to base 5.
-1103
85 (base 12) to base 8
145
-2 (base 15) to base 10
-2
-36 (base 16) to base 12
-46
What is -1 (base 8) in base 14?
-1
-10 (base 5) to base 14
-5
What is -4 (base 5) in base 11?
-4
What is 43 (base 11) in base 6?
115
What is 1 (base 9) in base 12?
1
What is -11 (base 7) in base 12?
-8
What is -8 (base 12) in base 15?
-8
Convert 12 (base 3) to base 11.
5
Convert -a (base 14) to base 3.
-101
Convert -3d (base 14) to base 16.
-37
1 (base 7) to base 13
1
-2 (base 16) to base 14
-2
130 (base 4) to base 2
11100
-5 (base 10) to base 4
-11
59 (base 11) to base 9
71
What is 26a (base 12) in base 4?
11302
What is -1 (base 8) in base 7?
-1
What is 43 (base 6) in base 3?
1000
-79 (base 16) to base 6
-321
Convert -7 (base 14) to base 4.
-13
What is 4 (base 15) in base 6?
4
-25 (base 15) to base 5
-120
Convert 203 (base 5) to base 12.
45
-32 (base 7) to base 6
-35
What is 5 (base 15) in base 4?
11
99 (base 10) to base 11
90
-48 (base 13) to base 8
-74
Convert 24 (base 6) to base 13.
13
What is -16 (base 14) in base 13?
-17
What is f (base 16) in base 7?
21
Convert -10 (base 8) to base 7.
-11
22 (base 16) to base 6
54
2 (base 13) to base 11
2
1 (base 5) to base 3
1
-101 (base 12) to base 8
-221
What is 27 (base 11) in base 7?
41
What is -17 (base 9) in base 5?
-31
0 (base 12) to base 15
0
Convert -3 (base 16) to base 4.
-3
What is 2 (base 16) in base 6?
2
What is 0 (base 9) in base 4?
0
Convert -4 (base 6) to base 4.
-10
252 (base 7) to base 6
343
Convert -4 (base 12) to base 10.
-4
165 (base 7) to base 6
240
What is -76 (base 8) in base 6?
-142
What is 1 (base 3) in base 6?
1
Convert -7 (base 9) to base 12.
-7
89 (base 16) to base 3
12002
-64 (base 9) to base 10
-58
What is 24 (base 11) in base 12?
22
What is -3 (base 14) in base 5?
-3
96 (base 10) to base 15
66
-1 (base 6) to base 9
-1
What is 2 (base 11) in base 14?
2
-4 (base 5) to base 14
-4
What is 3 (base 16) in base 8?
3
Convert 10011 (base 2) to base 7.
25
What is 116 (base 8) in base 11?
71
-212 (base 3) to base 16
-17
What is -100011 (base 2) in base 13?
-29
-11 (base 7) to base 2
-1000
What is -2 (base 3) in base 16?
-2
What is -222 (base 4) in base 8?
-52
-13 (base 4) to base 14
-7
What is -90 (base 11) in base 4?
-1203
Convert -33 (base 7) to base 10.
-24
Convert -72 (base 15) to base 3.
-10222
Convert -3 (base 10) to base 13.
-3
Convert -2 (base 12) to base 3.
-2
Convert -22 (base 7) to base 10.
-16
Convert -5b (base 14) to base 3.
-10000
What is 2323 (base 4) in base 3?
20221
-1 (base 5) to base 13
-1
What is 1 (base 2) in base 15?
1
What is 92 (base 11) in base 13?
7a
What is 21000 (base 3) in base 6?
513
154 (base 6) to base 4
1012
What is 1011 (base 3) in base 11?
29
What is -63 (base 9) in base 14?
-41
Convert dd (base 16) to base 6.
1005
Convert 2 (base 13) to base 11.
2
What is -28 (base 9) in base 2?
-11010
Convert -67 (base 8) to base 5.
-210
What is -123 (base 10) in base 9?
-146
Convert 90 (base 14) to base 3.
11200
What is -12 (base 3) in base 16?
-5
Convert 11 (base 3) to base 10.
4
What is 11 (base 7) in base 13?
8
48 (base 12) to base 6
132
What is 11 (base 11) in base 3?
110
-4 (base 11) to base 8
-4
Convert -1c (base 15) to base 2.
-11011
-34 (base 7) to base 5
-100
What is -3 (base 9) in base 4?
-3
213 (base 12) to base 6
1223
What is 10 (base 3) in base 15?
3
-2 (base 4) to base 12
-2
Convert 220 (base 3) to base 6.
40
Convert 43 (base 10) to base 9.
47
Convert -132 (base 4) to base 6.
-50
What is 10110 (base 2) in base 7?
31
What is 1032 (base 4) in base 9?
86
What is 20 (base 14) in base 6?
44
What is 12222 (base 3) in base 2?
10100001
What is 20 (base 4) in base 5?
13
Convert 1 (base 2) to base 7.
1
3 (base 6) to base 4
3
Convert 0 (base 14) to base 12.
0
What is -e (base 15) in base 14?
-10
6 (base 10) to base 4
12
Convert 5 (base 12) to base 11.
5
16 (base 14) to base 16
14
-13 (base 10) to base 6
-21
Convert -233 (base 4) to base 12.
-3b
1334 (base 5) to base 7
432
Conver